{"id":941,"date":"2019-09-16T12:52:37","date_gmt":"2019-09-16T10:52:37","guid":{"rendered":"http:\/\/iromitalia.com\/prodotto\/senza%20categoria\/coil\/"},"modified":"2021-02-17T17:53:49","modified_gmt":"2021-02-17T16:53:49","slug":"coil","status":"publish","type":"product","link":"https:\/\/iromitalia.com\/wp-irom-v2\/it\/prodotto\/coil\/","title":{"rendered":"Coil Cleaner Goodway CC-200"},"content":{"rendered":"","protected":false},"excerpt":{"rendered":"<h2 style=\"text-align: justify;\">Descrizione<\/h2>\n<p style=\"text-align: justify;\">Il CC-200 e l&#8217;ultima innovazione della linea CoilPro\u00ae, il CC-201T, rendono facile e veloce la pulizia in movimento di bobine in sistemi mini split, PTAC e dispositivi di trattamento dell&#8217;aria interni. Entrambe le macchine combinano un sistema di pompaggio personalizzato, un design portatile e un esclusivo detergente per compresse \/ inibitore della crescita biologica in un&#8217;unica macchina facile da usare. CC-200 e CC-201T hanno un sistema di acqua in pressione per rimuovere sporco, polvere e detriti da una variet\u00e0 di pacchi lamellari senza danneggiarli. Offrono anche la comodit\u00e0 di un serbatoio di accumulo incorporato che contiene 30,3 litri di acqua, oppure \u00e8 possibile collegarlo a una fonte d&#8217;acqua continua per una pulizia senza interruzioni. Inoltre, il CC-200 include anche un potente sistema di asciugatura che pu\u00f2 essere utilizzato per<br \/>\nasciugare i pacchi lamellari pulite e rimuovere i residui di acqua dopo la pulizia. Ma abbiamo salvato il meglio per ultimo, COILSHINE-T. Questi potenti detergenti per pacchi lamellari basati su tablet offrono tutte le potenti capacit\u00e0 di pulizia e protezione del nostro detergente liquido COILSHINE offrendo il vantaggio di essere ultra compatti occupando una frazione delle dimensioni e del peso rispetto al tradizionale detergente liquido.<\/p>\n<h2 style=\"text-align: justify;\">Caratteristiche<\/h2>\n<ul style=\"text-align: justify;\">\n<li>Sistema completo di pulizia dei pacchi lamellari<\/li>\n<li>Potente, ma sicuro 13,8 BAR, 3,41 LPM pressione di pulizia del pacco lamellare con serbatoio da 30,3 litri o con flusso d&#8217;acqua in continuo<\/li>\n<li>170 m3 \/ h integrato bagnato \/ asciutto sistema di aspirazione con 26,5 litri capacit\u00e0. (Solo CC-200)<\/li>\n<li>Utilizza l&#8217;esclusivo COILSHINE-T sistema tablet (pi\u00f9 pulito e bioprotettivo)<\/li>\n<li>Design distintivo, ospita tutti gli accessori<\/li>\n<\/ul>\n<h2 style=\"text-align: justify;\">Brochure<\/h2>\n<p style=\"text-align: justify;\"><a href=\"http:\/\/iromitalia.com\/?attachment_id=1315\" rel=\"attachment wp-att-921\"><img decoding=\"async\" loading=\"lazy\" class=\"alignnone wp-image-921\" src=\"http:\/\/iromitalia.com\/irom2.0\/wp-content\/uploads\/2019\/10\/1-02-512-300x300.png\" alt=\"\" width=\"150\" height=\"150\" srcset=\"https:\/\/iromitalia.com\/wp-irom-v2\/wp-content\/uploads\/2019\/10\/1-02-512-300x300.png 300w, https:\/\/iromitalia.com\/wp-irom-v2\/wp-content\/uploads\/2019\/10\/1-02-512-100x100.png 100w, https:\/\/iromitalia.com\/wp-irom-v2\/wp-content\/uploads\/2019\/10\/1-02-512-150x150.png 150w, https:\/\/iromitalia.com\/wp-irom-v2\/wp-content\/uploads\/2019\/10\/1-02-512.png 512w\" sizes=\"(max-width: 150px) 100vw, 150px\" \/><\/a><\/p>\n","protected":false},"featured_media":0,"comment_status":"open","ping_status":"closed","template":"","meta":[],"_links":{"self":[{"href":"https:\/\/iromitalia.com\/wp-irom-v2\/wp-json\/wp\/v2\/product\/941"}],"collection":[{"href":"https:\/\/iromitalia.com\/wp-irom-v2\/wp-json\/wp\/v2\/product"}],"about":[{"href":"https:\/\/iromitalia.com\/wp-irom-v2\/wp-json\/wp\/v2\/types\/product"}],"replies":[{"embeddable":true,"href":"https:\/\/iromitalia.com\/wp-irom-v2\/wp-json\/wp\/v2\/comments?post=941"}],"wp:attachment":[{"href":"https:\/\/iromitalia.com\/wp-irom-v2\/wp-json\/wp\/v2\/media?parent=941"}],"curies":[{"name":"wp","href":"https:\/\/api.w.org\/{rel}","templated":true}]}}