{"id":173,"date":"2018-10-17T13:29:34","date_gmt":"2018-10-17T11:29:34","guid":{"rendered":"http:\/\/www.http:\/\/iromitalia.com\/irom2.0\/?post_type=product&#038;p=173"},"modified":"2020-01-13T09:37:09","modified_gmt":"2020-01-13T08:37:09","slug":"spietratore-magnetico-modello-anzai-bmr","status":"publish","type":"product","link":"https:\/\/iromitalia.com\/wp-irom-v2\/it\/prodotto\/spietratore-magnetico-modello-anzai-bmr\/","title":{"rendered":"Spietratore magnetico modello Anzai BMR"},"content":{"rendered":"","protected":false},"excerpt":{"rendered":"<p>&nbsp;<\/p>\n<h2 style=\"text-align: justify;\">Descrizione<\/h2>\n<p style=\"text-align: justify;\">La Anzai Manufacturing Co. Ltd. \u00e8 la pi\u00f9 avanzata azienda costruttrice di macchine per la selezione ottica in Giappone. A testimonianza di ci\u00f2, ha sviluppato la pi\u00f9 alta qualit\u00e0 di magneti permanenti in lega speciale da 12.000 Gauss di potenza!<\/p>\n<ul style=\"text-align: justify;\">\n<li><strong>Vibratori:<\/strong> il sistema di vibratori garantisce un flusso costante di prodotto<\/li>\n<\/ul>\n<ul style=\"text-align: justify;\">\n<li><strong>Nastro trasportatore:<\/strong> realizzato in un composto sintetico speciale specifico per gli alimenti al fine di garantire la massima igiene (nastro in uretano optional)<\/li>\n<\/ul>\n<ul style=\"text-align: justify;\">\n<li><strong>Magneti:<\/strong> i magneti permanenti in lega speciale consentono di rimuovere tutti i composti e i corpuscoli contenenti ferro al loro interno grazie ad una potenza magnetica da 12.000 Gauss<\/li>\n<\/ul>\n<p style=\"text-align: justify;\"><strong>Attenzione:<\/strong><br \/>\nLo spietratore magnetico BMR utilizza dei magneti molto potenti. Operatori che fanno uso di pacemaker e altri strumenti sanitari elettronici o anche telefoni cellulari e orologi devono stare a distanza di sicurezza.<\/p>\n<h2 style=\"text-align: justify;\">Vantaggi<\/h2>\n<p style=\"text-align: justify;\">Piccole pietre, resti di terra e fanghiglia che sono molto difficili da rimuovere con un separatore a gravit\u00e0, se sono magnetici possono essere rimossi tranquillamente.<br \/>\nSono molte le applicazioni quando si opera per differenza magnetica.<\/p>\n<p style=\"text-align: justify;\"><strong>Principio di Selezione:<\/strong><\/p>\n<ul style=\"text-align: justify;\">\n<li>ingresso<\/li>\n<li>vibratore<\/li>\n<li>puleggia di trazione<\/li>\n<li>lastra magnetica (magnete permanente)<\/li>\n<li>puleggia magnetica (magnete permanente)<\/li>\n<li>piastra di selezione buono\/scarto<\/li>\n<li>uscita buono (prodotto non magnetico)<\/li>\n<li>uscita scarto (prodotto magnetico)<\/li>\n<li>fagioli<\/li>\n<li>grano<\/li>\n<\/ul>\n<h2 style=\"text-align: justify;\">Caratteristiche Tecniche<\/h2>\n<h5 style=\"text-align: justify;\">Modello n. BMR 450<\/h5>\n<ul style=\"text-align: justify;\">\n<li><strong>Lunghezza:<\/strong> 1435 mm<\/li>\n<li><strong>Profondit\u00e0:<\/strong> 748 mm<\/li>\n<li><strong>Altezza:<\/strong> 870 mm<\/li>\n<li><strong>Alimentazione:<\/strong> Trifase 200V, 0,2KW (nastro) monofase 100V,3A (vibratori)<\/li>\n<li><strong>Nastro trasportatore:<\/strong> con funzione anti-rotolamento<\/li>\n<li><strong>Forza magnetica:<\/strong> 12.000 G<\/li>\n<li><strong>Distanza magnetica effettiva:<\/strong> 450 mm<\/li>\n<li><strong>Peso:<\/strong> 170 kg<\/li>\n<li><strong>Applicazioni:<\/strong> riso, paddy, grano saraceno, sesamo, soia, fagioli<\/li>\n<li><strong>Portata (base grano) (T\/h):<\/strong> 02,2T\/h<\/li>\n<li><strong>Optional:<\/strong> Rullo speciale per prodotti tondeggianti<\/li>\n<\/ul>\n<h5 style=\"text-align: justify;\">Modello n. BMR 700<\/h5>\n<ul style=\"text-align: justify;\">\n<li><strong>Lunghezza:<\/strong> 1435 mm<\/li>\n<li><strong>Profondit\u00e0:<\/strong> 1027 mm<\/li>\n<li><strong>Altezza:<\/strong> 870 mm<\/li>\n<li><strong>Alimentazione:<\/strong> Trifase 200V, 0,4KW (nastro) monofase 100V,6A (vibratori)<\/li>\n<li><strong>Nastro trasportatore:<\/strong> con funzione anti-rotolamento<\/li>\n<li><strong>Forza magnetica:<\/strong> 12.000 G<\/li>\n<li><strong>Distanza magnetica effettiva:<\/strong> 700 mm<\/li>\n<li><strong>Peso:<\/strong> 250 kg<\/li>\n<li><strong>Applicazioni:<\/strong> riso, paddy, grano saraceno, sesamo, soia, fagioli<\/li>\n<li><strong>Portata (base grano) (T\/h):<\/strong> 3,5T\/h<\/li>\n<li><strong>Optional:<\/strong> Rullo speciale per prodotti tondeggianti<\/li>\n<\/ul>\n<h5 style=\"text-align: justify;\">Modello n. BMR 1000<\/h5>\n<p style=\"text-align: justify;\">[arrowlist]<\/p>\n<ul style=\"text-align: justify;\">\n<li><strong>Lunghezza:<\/strong> 1435 mm<\/li>\n<li><strong>Profondit\u00e0:<\/strong> 1327 mm<\/li>\n<li><strong>Altezza:<\/strong> 870 mm<\/li>\n<li><strong>Alimentazione:<\/strong> Trifase 200V, 0,4KW (nastro) monofase 100V,6A (vibratori)<\/li>\n<li><strong>Nastro trasportatore:<\/strong> con funzione anti-rotolamento<\/li>\n<li><strong>Forza magnetica:<\/strong> 12.000 G<\/li>\n<li><strong>Distanza magnetica effettiva:<\/strong> 1000 mm<\/li>\n<li><strong>Peso:<\/strong> 350 kg<\/li>\n<li><strong>Applicazioni:<\/strong> riso, paddy, grano saraceno, sesamo, soia, fagioli<\/li>\n<li><strong>Portata (base grano) (T\/h):<\/strong> 5T\/h<\/li>\n<li><strong>Optional:<\/strong> Rullo speciale per prodotti tondeggianti<\/li>\n<\/ul>\n<h2 style=\"text-align: justify;\">Brochure &#8211; Spietratore magnetico modello Anzai BMR<\/h2>\n<p style=\"text-align: justify;\">Scarica la brochure dello Spietratore magnetico modello Anzai BMR (5,1 MB).<\/p>\n<p style=\"text-align: justify;\"><a href=\"http:\/\/iromitalia.com\/?attachment_id=1240\" rel=\"attachment wp-att-921\"><img decoding=\"async\" loading=\"lazy\" class=\"alignnone wp-image-921\" src=\"http:\/\/iromitalia.com\/irom2.0\/wp-content\/uploads\/2019\/10\/1-02-512-300x300.png\" alt=\"\" width=\"150\" height=\"150\" srcset=\"https:\/\/iromitalia.com\/wp-irom-v2\/wp-content\/uploads\/2019\/10\/1-02-512-300x300.png 300w, https:\/\/iromitalia.com\/wp-irom-v2\/wp-content\/uploads\/2019\/10\/1-02-512-100x100.png 100w, https:\/\/iromitalia.com\/wp-irom-v2\/wp-content\/uploads\/2019\/10\/1-02-512-150x150.png 150w, https:\/\/iromitalia.com\/wp-irom-v2\/wp-content\/uploads\/2019\/10\/1-02-512.png 512w\" sizes=\"(max-width: 150px) 100vw, 150px\" \/><\/a><\/p>\n","protected":false},"featured_media":174,"comment_status":"open","ping_status":"closed","template":"","meta":[],"_links":{"self":[{"href":"https:\/\/iromitalia.com\/wp-irom-v2\/wp-json\/wp\/v2\/product\/173"}],"collection":[{"href":"https:\/\/iromitalia.com\/wp-irom-v2\/wp-json\/wp\/v2\/product"}],"about":[{"href":"https:\/\/iromitalia.com\/wp-irom-v2\/wp-json\/wp\/v2\/types\/product"}],"replies":[{"embeddable":true,"href":"https:\/\/iromitalia.com\/wp-irom-v2\/wp-json\/wp\/v2\/comments?post=173"}],"wp:featuredmedia":[{"embeddable":true,"href":"https:\/\/iromitalia.com\/wp-irom-v2\/wp-json\/wp\/v2\/media\/174"}],"wp:attachment":[{"href":"https:\/\/iromitalia.com\/wp-irom-v2\/wp-json\/wp\/v2\/media?parent=173"}],"curies":[{"name":"wp","href":"https:\/\/api.w.org\/{rel}","templated":true}]}}