{"id":149,"date":"2018-10-17T11:43:19","date_gmt":"2018-10-17T09:43:19","guid":{"rendered":"http:\/\/www.http:\/\/iromitalia.com\/irom2.0\/?post_type=product&#038;p=149"},"modified":"2020-01-13T09:27:57","modified_gmt":"2020-01-13T08:27:57","slug":"misuratore-di-umidita-kett-pm-650","status":"publish","type":"product","link":"https:\/\/iromitalia.com\/wp-irom-v2\/it\/prodotto\/misuratore-di-umidita-kett-pm-650\/","title":{"rendered":"Misuratore di umidit\u00e0 Kett PM-650"},"content":{"rendered":"","protected":false},"excerpt":{"rendered":"<h4 style=\"text-align: justify;\">Misuratore di umidit\u00e0 multiplo Kett PM-650<\/h4>\n<p style=\"text-align: justify;\">Veloce, affidabile, semplice, ottimo rapporto qualit\u00e0-prezzo, con ancora pi\u00f9 applicazioni.<\/p>\n<h2 style=\"text-align: justify;\">Descrizione<\/h2>\n<p style=\"text-align: justify;\">Kett ha sviluppato numerose apparecchiature per determinare la misurazione dell\u2019umidit\u00e0 delle granaglie.<\/p>\n<p style=\"text-align: justify;\"><strong>Il Misuratore di umidit\u00e0 Kett PM-650 \u00e8 il migliore e il pi\u00f9 aggiornato in questo settore.<\/strong><\/p>\n<p style=\"text-align: justify;\">In particolare il modello 6501 ha in memoria 150 prodotti, andando ad ampliare ulteriormente il gi\u00e0 capiente ambito di misurazione del suo predecessore: il KETT PM-600 da poco fuori produzione.<\/p>\n<h2 style=\"text-align: justify;\">Vantaggi<\/h2>\n<ul style=\"text-align: justify;\">\n<li><strong>Spettro di misurazione ampliato:<\/strong> il PM-650 pu\u00f2 determinare l\u2019umidit\u00e0 delle granaglie in uno spettro di misurazione compreso tra l\u20191% e il 40%.<\/li>\n<li><strong>Peso istantaneo e correzione della temperatura:<\/strong> il microprocessore di ultima generazione permette al PM-650 di determinare il peso e la temperatura del prodotto che si sta misurando apportando le giuste correzioni di misura affinch\u00e8 il valore di umidit\u00e0 sia il pi\u00f9 preciso ed attendibile.<\/li>\n<li><strong>g\/l (densit\u00e0 del campione) \u00e8 misurabile:<\/strong> il PM-650 \u00e8 in grado di determinare la densit\u00e0 del campione di prova sulla base del rapporto peso\/volume<\/li>\n<li><strong>Stampante VZ-330:<\/strong> Il PM-650 pu\u00f2 essere collegato alla propria stampante (optional) per la stampa dei valori misurati<\/li>\n<li><strong>Nuova cella di carico:<\/strong> la cella di carico del PM-650, fondamentale per la determinazione del peso campione, \u00e8 stata migliorata al fine di renderla ancora pi\u00f9 stabile e precisa.<\/li>\n<li><strong>Semplice e pronto all\u2019uso:<\/strong> il design e l\u2019ergonomia sono sviluppati al fine di avere un apparecchio semplice e di pratico utilizzo.<\/li>\n<\/ul>\n<h2 style=\"text-align: justify;\">Caratteristiche Tecniche<\/h2>\n<h2 style=\"text-align: justify;\">Specifiche della versione 6501 (Misuratore di umidit\u00e0 Kett PM-650)<\/h2>\n<ul style=\"text-align: justify;\">\n<li><strong>Principio di misura:<\/strong> dielettrico 50 MHz<\/li>\n<li><strong>Applicazioni:<\/strong> granaglie (riso, paddy, grano, ecc\u2026fino a 150 prodotti inclusi in memoria)<\/li>\n<li><strong>Spettro di misura:<\/strong> 1- 40% (dipende dal campione)<\/li>\n<li><strong>Precisione:<\/strong> +\/- 0,5% (per campioni con umidit\u00e0 inferiore al 20%)<\/li>\n<li><strong>Volume campione:<\/strong> 240mL<\/li>\n<li><strong>Temperatura di esercizio:<\/strong> 0 \u2013 40\u00b0C<\/li>\n<li><strong>Funzioni:<\/strong> correzione della temperatura e del peso automatici, autospegnimento, livello carica batterie, media<\/li>\n<li><strong>Display:<\/strong> LCD<\/li>\n<li><strong>Alimentazione:<\/strong> batterie (1,5V modello \u201cAA\u201d x 4 alcaline)<\/li>\n<li><strong>Consumo energetico:<\/strong> 240mW<\/li>\n<li><strong>Dimensioni e peso:<\/strong> Largh. 125 x Lungh. 205 x Altezza 215 mm, 1.3 Kg ca.<\/li>\n<li><strong>Accessori inclusi:<\/strong> imbuto, bicchiere di prova, pennello, batterie, manuale in italiano<\/li>\n<\/ul>\n<h2 style=\"text-align: justify;\">Brochure &#8211; Misuratore di umidit\u00e0 Kett PM-650<\/h2>\n<p style=\"text-align: justify;\">Scarica la brochure del Misuratore di umidit\u00e0 Kett PM-650\u00a0(1,2 MB).<\/p>\n<p><a href=\"http:\/\/iromitalia.com\/?attachment_id=1090\" rel=\"attachment wp-att-921\"><img decoding=\"async\" loading=\"lazy\" class=\"alignnone wp-image-921\" src=\"http:\/\/iromitalia.com\/irom2.0\/wp-content\/uploads\/2019\/10\/1-02-512-300x300.png\" alt=\"\" width=\"150\" height=\"150\" srcset=\"https:\/\/iromitalia.com\/wp-irom-v2\/wp-content\/uploads\/2019\/10\/1-02-512-300x300.png 300w, https:\/\/iromitalia.com\/wp-irom-v2\/wp-content\/uploads\/2019\/10\/1-02-512-100x100.png 100w, https:\/\/iromitalia.com\/wp-irom-v2\/wp-content\/uploads\/2019\/10\/1-02-512-150x150.png 150w, https:\/\/iromitalia.com\/wp-irom-v2\/wp-content\/uploads\/2019\/10\/1-02-512.png 512w\" sizes=\"(max-width: 150px) 100vw, 150px\" \/><\/a><\/p>\n","protected":false},"featured_media":150,"comment_status":"open","ping_status":"closed","template":"","meta":[],"_links":{"self":[{"href":"https:\/\/iromitalia.com\/wp-irom-v2\/wp-json\/wp\/v2\/product\/149"}],"collection":[{"href":"https:\/\/iromitalia.com\/wp-irom-v2\/wp-json\/wp\/v2\/product"}],"about":[{"href":"https:\/\/iromitalia.com\/wp-irom-v2\/wp-json\/wp\/v2\/types\/product"}],"replies":[{"embeddable":true,"href":"https:\/\/iromitalia.com\/wp-irom-v2\/wp-json\/wp\/v2\/comments?post=149"}],"wp:featuredmedia":[{"embeddable":true,"href":"https:\/\/iromitalia.com\/wp-irom-v2\/wp-json\/wp\/v2\/media\/150"}],"wp:attachment":[{"href":"https:\/\/iromitalia.com\/wp-irom-v2\/wp-json\/wp\/v2\/media?parent=149"}],"curies":[{"name":"wp","href":"https:\/\/api.w.org\/{rel}","templated":true}]}}